51 + 85. Let u = -220 - -227. Suppose -5*m = -o - 10, 4*o = u*o + m - g. Is o even?
True
Let h(z) = -z**2 + 20. Let q be h(-4). Suppose 877 = q*x - 131. Is x a multiple of 14?
True
Let b(c) = -4*c + 66. Let m be b(16). Suppose m*l - 559 + 137 = 0. Is 9 a factor of l?
False
Suppose -465*b = -460*b + 4*q - 34264, q - 13708 = -2*b. Is b a multiple of 8?
True
Suppose -d = d + 20. Does 14 divide 1/(-2) - 11255/d?
False
Does 14 divide ((-8)/6 - -2)*(336144/32 + -6)?
False
Let q be (-68992)/(-92) + 10/115. Suppose 4*a + 0*g - 4*g - 3060 = 0, 0 = -a + 4*g + q. Is a a multiple of 11?
True
Let r be ((-12)/(-33))/((-8)/(-44)). Is 32/(-8) + (134 - (r - -1)) a multiple of 38?
False
Let k be 5/((25/5)/3095). Suppose -a - k = -3*q + 579, 3680 = 3*q - 4*a. Does 24 divide q?
True
Let k = 60 - -126. Let c(x) = -x**3 + 4*x + 2. Let z be c(-3). Suppose z*q - k = 15*q. Is q a multiple of 26?
False
Let s = 244 + -260. Is -28*-10*(-6)/s even?
False
Let k(y) = y**3 + 47*y**2 + 42*y - 119. Let r be k(-46). Let a(u) = -u**3 - 3*u**2 + u. Let n be a(-5). Let p = r - n. Is p a multiple of 4?
True
Suppose -5*p - 6*p = -22. Is (10 - 0)/p - -165 a multiple of 4?
False
Let g(v) = v**2 - v + 30. Suppose 5*r = 2*x - 7*x - 75, x + 2*r + 19 = 0. Is g(x) a multiple of 3?
True
Suppose 3*m + 736 = 5*m. Suppose 0 = 11*q + 1875 - m. Does 19 divide 0 + (-8)/2 - q?
True
Let j = 50 - 36. Let v(u) = -36*u - 1 + 20*u - 2 + 28*u. Is v(j) a multiple of 11?
True
Suppose 4*q = 17*j - 15*j + 133622, -q = 3*j - 33381. Is q a multiple of 57?
True
Let j = -704 - -1510. Suppose 3762 = j*c - 803*c. Does 33 divide c?
True
Suppose -304*k = -452*k + 603840. Does 7 divide k?
False
Let n(m) be the first derivative of -71*m**2 - 96*m - 4. Does 52 divide n(-8)?
True
Suppose k - 102 = 3*k. Let q = k + 55. Suppose 0 = -q*i + 67 + 21. Is i a multiple of 2?
True
Let b = 1300 - -856. Is 11 a factor of b?
True
Let s be ((-2 - 2) + 5 - 2)*-31. Suppose -s*f = -47*f + 5792. Is 4 a factor of f?
False
Let f(z) = -z**2 + 6*z + 4. Let d be f(6). Suppose -58 = -d*w - 42. Suppose -w*v - v = -135. Does 9 divide v?
True
Suppose y - 5 = -2*v, -v + 15 = v - y. Suppose 3 = z - 10*t + 9*t, -10 = -4*z + 2*t. Suppose 0 = 5*s - s - v*l - 80, -37 = -3*s - z*l. Is 6 a factor of s?
False
Suppose -2*o - f + 14 = 0, 12 = 8*o - 4*o - 2*f. Suppose -q = -6*r - 591, o*r - 142 - 394 = -q. Is 51 a factor of q?
True
Let g be -80 - -78 - 1*2*-1. Suppose g*r = -9*r + 594. Is 1756/r*3 + 2/11 a multiple of 8?
True
Suppose 4*n + z - 579 = 0, -z - 1046 + 311 = -5*n. Suppose 2*k - n = 4*m - 1258, -2*m - 3*k = -548. Is 12 a factor of m?
False
Let n(j) = 4*j - 16. Let v be n(4). Suppose 5*x - 5*s - 465 = v, -7*s + 2*s + 363 = 4*x. Is 3 a factor of x?
False
Let k(b) = 6*b + 31 - 21 + 13*b**2 - 9*b. Is k(-4) a multiple of 56?
False
Let g = -2305 + 4080. Suppose -50*z + g + 1675 = 0. Is 23 a factor of z?
True
Suppose 0 = -3*u + 9, -3*x + 53 = 3*u + 23. Does 5 divide 7/49 - (-755)/x?
False
Is 29 a factor of 1384031/55 + -11 + 3 + (-21)/5?
False
Let v be (11 - 328) + 2*2/4. Let t = -303 - v. Is t a multiple of 4?
False
Suppose 3*m - 13246 = -5*r, 17*m - 14*m = 5*r + 13196. Is m a multiple of 137?
False
Suppose d - s + 777 + 7 = 0, 5*d = s - 3904. Let a = d - -1126. Does 18 divide a?
False
Suppose 212*v - 10104485 = -2537357. Is v a multiple of 321?
False
Let n(r) = 243*r - 633. Is n(14) a multiple of 71?
True
Let h = 1193 - 515. Suppose 0*z + 5*a - 237 = -z, 3*z + 4*a = h. Is z a multiple of 6?
True
Let g = -6157 - -8812. Does 15 divide g?
True
Suppose 0 = -18*y + 43791 + 128127 - 27954. Is 25 a factor of y?
False
Let w = -250 - -252. Suppose -3*p = 4*h - 507, w*h + 5*p - 221 = 22. Does 10 divide h?
False
Suppose -5*d = -2*v + 9740, 2*v + 5*d - 3718 = 6002. Does 35 divide v?
True
Let g = -148 - -232. Suppose 3*d + a = 5*a + 127, d - 4*a - 53 = 0. Let v = g - d. Is 10 a factor of v?
False
Suppose -24*s + 13*s + 37631 = 0. Suppose 0 = 20*x + s - 20701. Is 48 a factor of x?
True
Let a(n) = -n**3 + 10*n**2 - n - 1. Let r be a(10). Let t = r - 9. Is (t/(-8) - 2)*26 a multiple of 2?
False
Suppose 3*g + 5*r = 1864, 4*g - r = -346 + 2816. Is 6 a factor of g?
True
Suppose -x = -4*p + 6, 0*x + p = -3*x - 5. Is 59 a factor of (1*-4)/(x/236)?
True
Suppose 0 = -m - 0*m + 2. Suppose -15 = -3*q - 3*z, 0*q + q - 2 = m*z. Suppose 5*h = q*w - 2*w - 54, h + 135 = 5*w. Is 6 a factor of w?
False
Let a = 22 - 8. Let t be (-14)/(-4)*8/a. Suppose -5*g = 5*v - 540, 0 = -t*g + 5*g - 4*v - 296. Is 13 a factor of g?
True
Let i = -14 - -23. Let g = 168 - i. Is 45 a factor of g?
False
Let c be (-296 - 8)*(-1)/(-2). Let z = 212 + c. Does 12 divide z?
True
Suppose 0 = 2*w + 15*w + 2618. Let f = w + 198. Is 6 a factor of f?
False
Let x(c) = 10155*c - 108. Let f be x(16). Does 20 divide (-10)/(-50) - (f/20)/(-7)?
True
Let n = 2949 - 1923. Suppose -4*a = -6*a + n. Suppose 5*k - 1503 = -a. Is 43 a factor of k?
False
Suppose -5*a + 4021 = 3*c + 211, 762 = a - 4*c. Does 2 divide a?
True
Is 13 a factor of (-3460 + 2)/((-2)/11)?
True
Let b = 17738 + -9642. Is b a multiple of 22?
True
Let w(y) = 4 - 8 + 361*y - 253*y. Does 4 divide w(1)?
True
Let p be 28 + -11 - (0 + -1). Suppose -p + 12 = 2*y. Does 8 divide (y*(-12)/8)/(1/14)?
False
Let b(r) = 921*r**3 - 9*r**2 + 14. Is b(3) a multiple of 20?
True
Suppose 29*d + 16918 - 31660 = 70982. Is 17 a factor of d?
False
Suppose 31*f - 8479 - 12663 = 0. Is f even?
True
Suppose 7*i - 9783 = 1230 + 12899. Is 61 a factor of i?
True
Suppose h = -5*r + 193, -6*h + 207 = -5*h - 2*r. Let u = -55 + h. Does 14 divide u?
False
Suppose -35*s - 2094 = -2983 - 2856. Is s a multiple of 3?
False
Let w(m) be the first derivative of 25*m**3/3 + 7*m**2 - 9*m - 196. Is 91 a factor of w(-5)?
True
Let b = 501 + -143. Suppose -2*f + 12 + 2 = 5*o, 0 = 2*o - 3*f + 2. Is 39 a factor of (o/(16/b))/((-2)/(-8))?
False
Let r = 510 + -514. Does 17 divide 459 + (1 - r/(-4 + 0))?
True
Let r(f) = f**2 - 89*f + 75. Let t be r(38). Let l = -1197 - t. Does 18 divide l?
True
Suppose -3*a + 5*l = -20014, -2*l - 7 = 3. Is a a multiple of 43?
False
Let l(z) = z**3 + 7*z**2 + 21*z + 2. Let j(q) = -2*q**3 - 7*q**2 - 22*q - 3. Let y(x) = -2*j(x) - 3*l(x). Does 23 divide y(13)?
False
Let h = 677 + -268. Let r(p) = p**2 - 3*p + 4. Let l be r(3). Suppose 0 = -l*o + 743 + h. Is o a multiple of 48?
True
Does 14 divide (3 - 0)/((-12)/436424*-17)?
False
Suppose -3113*u + 3110*u = -3*k - 8901, -14825 = -5*u + 3*k. Does 52 divide u?
False
Let k be (-21)/2*(-10)/15. Let t be (-8)/3 + k/(-21) + 6. Does 55 divide -32*((-1 - 4) + t)?
False
Suppose -6*g + 45 = 3*g. Suppose -3*f = -g*r - 969, 648 + 644 = 4*f + 4*r. Does 10 divide f?
False
Let y(w) = 29*w**2 - 26*w + 63. Does 163 divide y(-24)?
False
Suppose 12*f + 3026 - 17858 = 0. Is f a multiple of 55?
False
Suppose -28*b + 33*b = 0. Suppose -4*v + 180 = -4*x, b*v = 5*v + 2*x - 211. Is v a multiple of 2?
False
Let x = -697 - -701. Suppose -x*v = q - 225, 115 = 3*v - v + 3*q. Is v a multiple of 4?
True
Let u(y) be the third derivative of -y**6/20 - y**5/20 - y**4/4 + y**3 + 2*y**2 + 46. Does 3 divide u(-3)?
True
Suppose 6*x + 33*x - 1152000 = -89*x. Is 8 a factor of x?
True
Let x = -1216 + 652. Let w = x + 950. Does 31 divide w?
False
Suppose 0 = 13*o - 30 + 212. Is ((-623)/o)/((-3)/(-18)) a multiple of 14?
False
Let i(a) = 107*a**2 + 95*a + 6. Does 12 divide i(-18)?
True
Let u = -16845 - -36744. Is u a multiple of 33?
True
Suppose -8*l = -5 - 3. Is 9 a factor of (58/14 + l)/(3/21)?
True
Suppose -19*p = 6*p - 10800. Let x = -398 + p. Does 17 divide x?
True
Suppose -28*g + 27*g + 3263 = 4*d, 2*d + 2*g - 1630 = 0. Is 68 a factor of d?
True
Suppose 5*i - 8*i - 4*d - 2443 = 0, -3299 = 4*i - 3*d. Let o = 1172 + i. Is 13 a factor of o?
True
Suppose 26*u - 247 + 39 = 0. Suppose -5*v = 4*g - 20, -15 = -u*g + 5*g + 2*v. Is g a multiple of 3?
False
Suppose -50 - 10 = -12*z. Suppose z*v + t - 575 = -t, t = -5. Is v a multiple of 13?
True
Let s(z) = 2*z - 9. Let c be s(6). Let w be -21*(13/6)/(4/(-8)). Suppose c*d = -19 + w. Is d a multiple of 5?
False
Suppose 4*n - 2*u = -52, 2*n = 5*u - 2*u - 30. Let o(j) = 3*j**2 + 20*j + 76. Does 23 divide o(n)?
False
Suppose 519*x + 44622 = 528*x. Is x a multiple of 94?
False
Let c be (-1)/((-1)/16*2). Let s(t) = -52*t - 4. Let